
110
Evaluate 134 - ((21 - 1) + 495 + -523 - -18).
124
1873 + -1898 + 2 + 51
28
56 + -46 + -72 + 78
16
Evaluate -2 + (4 - 4 - 1) + (-43 - (59 - 50)).
-55
-6 - (5 + -2) - (-55 - (-12 + 18 + -2))
50
Calculate -44 + 141 + -60 + (18 - 1).
54
What is the value of (3 - 1 - 5 - -5 - -8) + (-30 - -55)?
35
-38 + (-10 - (-13 + (7 - (-6 - -10))))
-38
What is -12 + (5 - (37 + -46)) + -31?
-29
Calculate 17 + (32 - 11 - 34) + 3.
7
14 + 25 + -43 - -58
54
What is 87 - (138 + -78 + -52)?
79
-9 - -4 - 3 - ((-11 - -22) + 45 - 8)
-56
Calculate -8 + (5 - 7) + -2 + -26.
-38
What is -167 + 88 + (-131 - -171)?
-39
Evaluate (-2 - 2) + 17 + 28 + -43 + 4 + 5.
7
(25 - (7 + 1)) + -7 + (-14 - (42 - -16))
-62
Calculate -130 + (53 - -22) - -51.
-4
Calculate 3 + (-113 - (-65 - -81)).
-126
-8 + (60 + -115 - -4)
-59
What is 52 + (-76 - 181) + 153?
-52
(-30 + -11 - (160 + -129)) + (4 - 20)
-88
Evaluate -17 - (3 - 14) - (23 - (-66 + -19)).
-114
What is the value of 25 + (24 - (69 + -45))?
25
What is (-11 - (-93 + 1) - -6) + -24?
63
Evaluate -13 - -10 - (144 - 87 - -1).
-61
Calculate 0 + (8 + -25 - 6) + -10.
-33
2 + -5 - 9 - ((-5 - -79) + -40)
-46
Calculate -33 + (0 - -1 - (-35 - -34)).
-31
Calculate -30 + (-20 - -2 - 9).
-57
6 - (6 - (15 + (-10 - -4) + -4) - -6)
-1
Evaluate (1 + 13 - (-141 + 157)) + -35.
-37
What is 176 - (97 + 109 - 137)?
107
What is 54 - (-24 + 25 + 53)?
0
Evaluate (-1 - -7) + (-44 - -26 - (30 + -48)).
6
Calculate -36 + 163 + -36 + 23 + -15.
99
What is the value of -16 - (16 - (-20 + (27 - -28)))?
3
What is the value of 13 - (13 + (1 - 30) + 22)?
7
Calculate -68 + (1 - (53 + -48 - ((-10 - -5) + 3))).
-74
What is the value of -24 - (-24 + 23 + -27 - -11)?
-7
Evaluate (2 + -1 - -44) + (-155 + 649 - 504).
35
-68 - -75 - (20 + -2)
-11
Evaluate 873 + -911 - (-52 + 1).
13
(-50 - (-171 + 180)) + 3 + -15 + (0 - 1)
-72
(181 - 172) + (4 - 37)
-24
What is 14 - (-6 + 57) - -70?
33
Evaluate -25 - (76 + -35 - 113).
47
Calculate -4 - -5 - (8 - 3) - (-97 + 90).
3
What is the value of (18 - 22) + 1 - 10?
-13
(36 - 22 - 67) + (-4 - 3) + 1
-59
Evaluate (-42 - (91 + -102)) + 1.
-30
Calculate 45 - (61 + -3 + 435 + -414).
-34
37 + (109 - 134) + (-46 - 2 - (-1 + 1))
-36
What is the value of -3 + (30 - (5 + 0 + (49 - 58) - -2))?
29
(48 - (38 - 54 - (-3 - -8))) + -2
67
Calculate -57 + -39 + 26 + 68.
-2
Calculate (-56 + 100 - (4 + 2) - 28) + 1 + 14.
25
What is the value of 4 - (-16 + 25 + -3) - (-3 - (3 + -1))?
3
Evaluate -64 + (32 - 1) - -89 - 25.
31
Calculate 6504 + -6525 + (22 - 1).
0
What is the value of (-86 - (12 - 5 - ((5 - 7) + -2))) + -4?
-101
Calculate (-1 - -26) + 1 + -12 + (22 - (-74 + 84)).
26
Evaluate 25 + 33 + (12 + 7 - 3) + -5.
69
What is -1 - -187 - (111 - -19 - 82)?
138
What is the value of 22 - (-2 + -6 - (-26 - -3))?
7
What is the value of -58 - -66 - (18 - 29 - (-5 + 0))?
14
What is the value of 14 + (-1 + -2 - 25) + -6 + 35?
15
What is (-3 + 1 - -21) + 6?
25
17 + (-22 - (22 + -36)) + -43
-34
0 + (9 - (-50 - -43)) + (2 + -13 - 2)
3
What is the value of 34 + 19 + (-5 - -5) + -13 + -16?
24
What is (-36 - -42) + 3 + -20 - (-90 + -2 + 0)?
81
(188 + -182 - (20 + -1)) + -5 + 13 + -38
-43
Calculate -13 + 15 + -7 + 15 + 6 + -21 + 9.
4
Calculate -129 - -39 - -70 - (-8 + 2).
-14
Evaluate 27 + -8 + 16 - (-4 + 4 + 2).
33
What is the value of (2 - 2) + (0 + -85 - 1) + -8112 + 8126?
-72
25 - (-1 + -15 + 5 + -4 + 3)
37
What is the value of 0 + -59 - (17 - (1 + 33))?
-42
(-1 - -4 - 12) + (-2679 - -2650)
-38
Evaluate 14 + -11 - (-14 - -95) - (54 + -33).
-99
What is -32 + -62 + 122 + -39?
-11
What is -28 - (537 + -506 + -8 + 0)?
-51
What is -14 + -1 + 2 + 6 - -12 - 14 - -19?
10
What is the value of 33 + (-76 + -37 - -26) + 16?
-38
What is (-83 - -32 - -31) + 63?
43
Evaluate 52 + (9 + 10 - 55) + 61.
77
Evaluate -27 - -2 - (2 + -2) - (536 + -529) - 5.
-37
Calculate 4 + 1 - (43 + -86) - (-8 - 0).
56
What is -6 - (5 + 2) - (-27 + (-76 - (-48 + 26)))?
68
What is -112 + (11 - 5 - 0) + -32 + 23 + 4?
-111
1 + 23 - (-24 + (40 - 24))
32
Evaluate 33 + -2 + (-235 - -233).
29
Evaluate (10 - -22 - 19 - 55) + 12.
-30
Evaluate 9 - ((-10 - -10) + 19 + -55 + -1 + 5).
41
Calculate ((-16 - -38) + -16 + 7 - 33) + -84.
-104
What is (1 + -3 + (1 - 2) - (4278 + -4270)) + 58?
47
What is the value of 2 + 32 - (98 - 5)?
-59
Calculate 0 + 49 + -61 + (141 - 106).
23
What is the value of 137 + -3 + (1072 - 1127)?
79
What is the value of 17 - (6 + -4 - (-21 - (21 + -70)))?
43
What is 13 + -10 + (-3 - 10) - (-175 - (-20 - 18))?
127
What is the value of 121 - (317 - 315 - (-2 - (-19 - (-2 - 2))))?
132
What is (57 - 69 - 7) + -1 + -9?
-29
Calculate 6 + (-2 - (7 + -11) - 19) + (4 - -28).
21
20 - 1 - (-149 - -128) - 15
25
Calculate -25 + 2 + -13 + (7 + -7 - 0).
-36
Evaluate (-10 - (-26 + -1)) + -5 - 75 - (16 + -11).
-68
Calculate (44 - 89) + 33 + 15 + (3 - 6).
0
Evaluate 87 + (21 - (22 + 8 + 21)).
57
What is -254 + 197 + -3 + -7?
-67
Evaluate -135 + 84 + -5 + 31.
-25
What is (-9 - (-19 + -27)) + -25?
12
What is the value of (1 - 15) + (582 - 557 - (-19 - 1))?
31
Calculate -3 + 3 + 3 + (-11 - -8 - (6 - 51)).
45
What is (-17 - 29) + 12 + (-6 - 0) + (7 - 6)?
-39
What is -48 - (-40 + 60 - 29)?
-39
Evaluate 77 + -2 + (2 - 10) + (-21 - (-25 - 12)).
83
What is the value of (-44 - (2 - (-20 + 44))) + 22?
0
What is the value of 17 + 2 + 1 + (1 - -4 - 53)?
-28
Calculate 7 - -8 - (-6 + 9) - -17.
29
What is the value of -8 + 0 - (-11 - (-7 - (2 + -7) - 67))?
-66
Evaluate -181 + 379 - (94 + 21).
83
What is 1 + 82 - (96 + -66)?
53
What is the value of -1 + (21 - 0) + 0 - (10 + 3)?
7
(101 - 1) + 7791 + -7831
60
Evaluate -85 - (-8 + (10 - 17)) - (26 - 20).
-76
What is 0 + 6 + -8 + -2 + 5 + (3 - 44)?
-40
What is 24 - (21 - (61 + -49))?
15
What is the value of -28 - (0 + -18 + 1 + (-579 - -585))?
-17
90 - (65 + 8 - -25)
-8
Calculate -11 + 2 + (-13 - -20 - -32).
30
What is (150 - 141) + (3 - (-4 - 17))?
33
Evaluate (1 - 2 - (13 - 5)) + (-4 - -15) - -65.
67
7 - -1 - (10 - 5 - (15 - 36))
-18
What is 3 + 1 - (-20 + (-11 - -29) - 78)?
84
Calculate 28 + (-23 + 1 + 10 + 13 - 1).
28
What is 6 + (1 - -2) + (37 - 26 - 30)?
-10
39 - (31 + -65 - -86) - (-4 + 2 - 79)
68
Evaluate 1 - (20 + -10 - 10) - (-131 + 46).
86
What is the value of (7 + 1 + 12 - -22) + -17?
25
What is the value of 41 + -62 + -35 + 94?
38
What is -13 - ((135 - 72) + -31)?
-45
Calculate 16 + 49 + -46 + (7 - (0 - -4)).
22
What is -92 - (-57 + -123 + 10)?
78
Calculate -4 - (37 - (19 + (3 - -13) + -17)).
-23
Calculate -94 - (15 + -33 + -15) - 26.
-87
Calculate 2 + -5 + 75 + 16 + (4 - 44) - -9.
57
-39 - -50 - -11 - (20 + -1)
3
-97 - (-123 - (14 - 62))
-22
What is 362 - 437 - (-2 - 34)?
-39
What is (8 - 6) + (9 - (3 - -16)) - -47 - -8?
47
-9 + 18 + -1 - -29 - 0
37
What is the value of 44 + 0 - (1602 + -1549)?
-9
231 + -248 - (79 + 0)
-96
Calculate (5 - ((-32 - -20) + 12)) + -2 + -2.
1
Evaluate -6 + 8 - -3 - (5 + -2) - (-30 - -61).
-29
Calculate (139 - 129) + -48 + (-22 - 4).
-64
Calculate (40 - 28) + -15 - (13 + 0 + 1).
-17
What is the value of 2 - ((-1 - -3) + -3) - (-51 - -43 - -27)?
-16
What is the value of -119 - (3 - (72 - 83 - (-2 + -2)))?
-129
-2 + (-2 - 0) - (-487 - (308 - 779))
12
Calculate 708 - 783 - ((-6 - 16) + 0).
-53
Evaluate 1 - ((-36 - -12) + 7 - -15).
3
What is 64 + 4 + (8 - (9 + (9 - 15)) - 7)?
66
Calculate (24 + -38 + -8 - 29) + 8.
-43
What is the value of -23 + 15 + 17 + -26?
-17
What is the value of 19 + -13 + 48 + 5 - (-1 - (10 + 2))?
72
What is the value of (-68 - -6) + -19 + 47 - 20?
-54
What is the value of (-5 - 4) + (3 + 17 - 10) - (-31 + 0)?
32
What is the value of (-19 - -28) + 11 - 60?
-40
What is the value of (-18 - (-14 + 36 - 73)) + -26?
7
Calculate 2 + 12 + (33 - 52) + (3 - 5) - -7.
0
-903 + 676 + 105 + 0
-122
What is (95 - 78) + (21 - (-21 - -30))?
29
21 - 35 - -49 - 20
15
What is the value of 0 - (-12 + -47 + 44)?
15
What is (-2 - (-3 - -2)) + -21 + (-4 - (-26 + -7))?
7
What is the value of -3 + 5 + 7 + (2 + -19 - -60)?
52
Calculate 24 + (-8 - 24) + (2 + 49 - 1).
42
What is 39 + -7 + -5 + 17 + (10 - -2)?
56
What is the value of (-4 - -6) + (3 - (-17 + -4 + 21) - 8)?
-3
What is (-34 - -1) + (-10 - (15 - 43)) + -6 + 0?
-21
What is the value of 163 + -135 - (39 - (8 - 15))?
-18
-26 + (-34 - (42 - 155))
53
What is 11 + -8 + 14 - ((-1 - 6) + -81 + 